{"id":2685,"date":"2021-11-17T07:06:53","date_gmt":"2021-11-17T07:06:53","guid":{"rendered":"https:\/\/mfcomercio.ind.br\/shop\/"},"modified":"2023-07-02T20:19:50","modified_gmt":"2023-07-02T23:19:50","slug":"produtos","status":"publish","type":"page","link":"https:\/\/mfcomercio.ind.br\/?page_id=2685","title":{"rendered":"Cat\u00e1logo de produtos e servi\u00e7os"},"content":{"rendered":"\t\t<div data-elementor-type=\"wp-page\" data-elementor-id=\"2685\" class=\"elementor elementor-2685\" data-elementor-post-type=\"page\">\n\t\t\t\t\t\t<section class=\"elementor-section elementor-top-section elementor-element elementor-element-fe49bff elementor-section-boxed elementor-section-height-default elementor-section-height-default\" data-id=\"fe49bff\" data-element_type=\"section\">\n\t\t\t\t\t\t<div class=\"elementor-container elementor-column-gap-default\">\n\t\t\t\t\t<div class=\"elementor-column elementor-col-100 elementor-top-column elementor-element elementor-element-f1a27e9\" data-id=\"f1a27e9\" data-element_type=\"column\">\n\t\t\t<div class=\"elementor-widget-wrap elementor-element-populated\">\n\t\t\t\t\t\t<div class=\"elementor-element elementor-element-780b81b elementor-widget elementor-widget-heading\" data-id=\"780b81b\" data-element_type=\"widget\" data-widget_type=\"heading.default\">\n\t\t\t\t<div class=\"elementor-widget-container\">\n\t\t\t\t\t<h3 class=\"elementor-heading-title elementor-size-default\">Servi\u00e7o de Instala\u00e7\u00e3o e Manuten\u00e7\u00e3o de Porta corta-fogo e barra antip\u00e2nico<\/h3>\t\t\t\t<\/div>\n\t\t\t\t<\/div>\n\t\t\t\t\t<\/div>\n\t\t<\/div>\n\t\t\t\t\t<\/div>\n\t\t<\/section>\n\t\t\t\t<section class=\"elementor-section elementor-top-section elementor-element elementor-element-c233633 elementor-section-boxed elementor-section-height-default elementor-section-height-default\" data-id=\"c233633\" data-element_type=\"section\">\n\t\t\t\t\t\t<div class=\"elementor-container elementor-column-gap-default\">\n\t\t\t\t\t<div class=\"elementor-column elementor-col-100 elementor-top-column elementor-element elementor-element-a8c678c\" data-id=\"a8c678c\" data-element_type=\"column\">\n\t\t\t<div class=\"elementor-widget-wrap elementor-element-populated\">\n\t\t\t\t\t\t<div class=\"bapf_products_apply_filters elementor-element elementor-element-a588929 elementor-grid-4 elementor-grid-tablet-3 elementor-grid-mobile-2 elementor-products-grid elementor-wc-products elementor-widget elementor-widget-woocommerce-products\" data-id=\"a588929\" data-element_type=\"widget\" data-widget_type=\"woocommerce-products.default\">\n\t\t\t\t<div class=\"elementor-widget-container\">\n\t\t\t\t\t<div class=\"woocommerce columns-4 \"><ul class=\"products elementor-grid columns-4\">\n<li class=\"product type-product post-3269 status-publish first instock product_cat-porta-corta-fogo has-post-thumbnail shipping-taxable product-type-simple\">\n\t<a href=\"https:\/\/mfcomercio.ind.br\/?product=porta-corta-fogo-dupla\" class=\"woocommerce-LoopProduct-link woocommerce-loop-product__link\"><img fetchpriority=\"high\" decoding=\"async\" width=\"300\" height=\"270\" src=\"https:\/\/mfcomercio.ind.br\/wp-content\/uploads\/2019\/02\/porta-corta-fogo-dupla-300x270.png\" class=\"attachment-woocommerce_thumbnail size-woocommerce_thumbnail\" alt=\"Porta Corta Fogo Dupla Instalada\" title=\"\"><h2 class=\"woocommerce-loop-product__title\">Porta Corta Fogo Dupla Instalada<\/h2>\n<\/a>\n<div\n\tclass=\"yith-ywraq-add-to-quote add-to-quote-3269\" >\n\t\t<div class=\"yith-ywraq-add-button show\" style=\"display:block\"  data-product_id=\"3269\">\n\t\t\n<a href=\"#\" class=\"add-request-quote-button button\" data-product_id=\"3269\" data-wp_nonce=\"b8968fc7b8\" >\n\t\t\t\tSolicitar Or\u00e7amento\t<\/a>\n\t<\/div>\n\t<div\n\t\tclass=\"yith_ywraq_add_item_product-response-3269 yith_ywraq_add_item_product_message hide hide-when-removed\"\n\t\tstyle=\"display:none\" data-product_id=\"3269\"><\/div>\n\t<div\n\t\tclass=\"yith_ywraq_add_item_response-3269 yith_ywraq_add_item_response_message hide hide-when-removed\"\n\t\tdata-product_id=\"3269\"\n\t\tstyle=\"display:none\">Este produto j\u00e1 est\u00e1 em sua lista de pedidos de or\u00e7amento.<\/div>\n\t<div\n\t\tclass=\"yith_ywraq_add_item_browse-list-3269 yith_ywraq_add_item_browse_message  hide hide-when-removed\"\n\t\tstyle=\"display:none\"\n\t\tdata-product_id=\"3269\"><a\n\t\t\thref=\"https:\/\/mfcomercio.ind.br\/?page_id=3027\">Navegar na lista<\/a><\/div>\n\n<\/div>\n\n<div class=\"clear\"><\/div>\n<\/li>\n<li class=\"product type-product post-3279 status-publish instock product_cat-porta-corta-fogo has-post-thumbnail shipping-taxable product-type-simple\">\n\t<a href=\"https:\/\/mfcomercio.ind.br\/?product=instalacao-de-porta-corta-fogo-simples\" class=\"woocommerce-LoopProduct-link woocommerce-loop-product__link\"><img decoding=\"async\" width=\"300\" height=\"300\" data-src=\"https:\/\/mfcomercio.ind.br\/wp-content\/uploads\/2019\/02\/porta-corta-fogo-simples-estribofire-cor-cinza.fw_-300x300.png\" class=\"attachment-woocommerce_thumbnail size-woocommerce_thumbnail lazyload\" alt=\"Instala\u00e7\u00e3o de Porta Corta-Fogo Simples\" data-srcset=\"https:\/\/mfcomercio.ind.br\/wp-content\/uploads\/2019\/02\/porta-corta-fogo-simples-estribofire-cor-cinza.fw_-300x300.png 300w, https:\/\/mfcomercio.ind.br\/wp-content\/uploads\/2019\/02\/porta-corta-fogo-simples-estribofire-cor-cinza.fw_-100x100.png 100w\" data-sizes=\"(max-width: 300px) 100vw, 300px\" title=\"\" src=\"data:image\/svg+xml;base64,PHN2ZyB3aWR0aD0iMSIgaGVpZ2h0PSIxIiB4bWxucz0iaHR0cDovL3d3dy53My5vcmcvMjAwMC9zdmciPjwvc3ZnPg==\" style=\"--smush-placeholder-width: 300px; --smush-placeholder-aspect-ratio: 300\/300;\"><h2 class=\"woocommerce-loop-product__title\">Instala\u00e7\u00e3o de Porta Corta-Fogo Simples<\/h2>\n<\/a>\n<div\n\tclass=\"yith-ywraq-add-to-quote add-to-quote-3279\" >\n\t\t<div class=\"yith-ywraq-add-button show\" style=\"display:block\"  data-product_id=\"3279\">\n\t\t\n<a href=\"#\" class=\"add-request-quote-button button\" data-product_id=\"3279\" data-wp_nonce=\"f7470604c0\" >\n\t\t\t\tSolicitar Or\u00e7amento\t<\/a>\n\t<\/div>\n\t<div\n\t\tclass=\"yith_ywraq_add_item_product-response-3279 yith_ywraq_add_item_product_message hide hide-when-removed\"\n\t\tstyle=\"display:none\" data-product_id=\"3279\"><\/div>\n\t<div\n\t\tclass=\"yith_ywraq_add_item_response-3279 yith_ywraq_add_item_response_message hide hide-when-removed\"\n\t\tdata-product_id=\"3279\"\n\t\tstyle=\"display:none\">Este produto j\u00e1 est\u00e1 em sua lista de pedidos de or\u00e7amento.<\/div>\n\t<div\n\t\tclass=\"yith_ywraq_add_item_browse-list-3279 yith_ywraq_add_item_browse_message  hide hide-when-removed\"\n\t\tstyle=\"display:none\"\n\t\tdata-product_id=\"3279\"><a\n\t\t\thref=\"https:\/\/mfcomercio.ind.br\/?page_id=3027\">Navegar na lista<\/a><\/div>\n\n<\/div>\n\n<div class=\"clear\"><\/div>\n<\/li>\n<li class=\"product type-product post-2069 status-publish instock product_cat-porta-corta-fogo has-post-thumbnail shipping-taxable product-type-simple\">\n\t<a href=\"https:\/\/mfcomercio.ind.br\/?product=porta-corta-fogo-acustica\" class=\"woocommerce-LoopProduct-link woocommerce-loop-product__link\"><img decoding=\"async\" width=\"300\" height=\"300\" data-src=\"https:\/\/mfcomercio.ind.br\/wp-content\/uploads\/2019\/02\/porta-corta-fogo-simples-estribofire-cor-cinza.fw_-300x300.png\" class=\"attachment-woocommerce_thumbnail size-woocommerce_thumbnail lazyload\" alt=\"Instala\u00e7\u00e3o de Porta Corta-Fogo Ac\u00fastica\" data-srcset=\"https:\/\/mfcomercio.ind.br\/wp-content\/uploads\/2019\/02\/porta-corta-fogo-simples-estribofire-cor-cinza.fw_-300x300.png 300w, https:\/\/mfcomercio.ind.br\/wp-content\/uploads\/2019\/02\/porta-corta-fogo-simples-estribofire-cor-cinza.fw_-100x100.png 100w\" data-sizes=\"(max-width: 300px) 100vw, 300px\" title=\"\" src=\"data:image\/svg+xml;base64,PHN2ZyB3aWR0aD0iMSIgaGVpZ2h0PSIxIiB4bWxucz0iaHR0cDovL3d3dy53My5vcmcvMjAwMC9zdmciPjwvc3ZnPg==\" style=\"--smush-placeholder-width: 300px; --smush-placeholder-aspect-ratio: 300\/300;\"><h2 class=\"woocommerce-loop-product__title\">Instala\u00e7\u00e3o de Porta Corta-Fogo Ac\u00fastica<\/h2>\n<\/a>\n<div\n\tclass=\"yith-ywraq-add-to-quote add-to-quote-2069\" >\n\t\t<div class=\"yith-ywraq-add-button show\" style=\"display:block\"  data-product_id=\"2069\">\n\t\t\n<a href=\"#\" class=\"add-request-quote-button button\" data-product_id=\"2069\" data-wp_nonce=\"f789dd3481\" >\n\t\t\t\tSolicitar Or\u00e7amento\t<\/a>\n\t<\/div>\n\t<div\n\t\tclass=\"yith_ywraq_add_item_product-response-2069 yith_ywraq_add_item_product_message hide hide-when-removed\"\n\t\tstyle=\"display:none\" data-product_id=\"2069\"><\/div>\n\t<div\n\t\tclass=\"yith_ywraq_add_item_response-2069 yith_ywraq_add_item_response_message hide hide-when-removed\"\n\t\tdata-product_id=\"2069\"\n\t\tstyle=\"display:none\">Este produto j\u00e1 est\u00e1 em sua lista de pedidos de or\u00e7amento.<\/div>\n\t<div\n\t\tclass=\"yith_ywraq_add_item_browse-list-2069 yith_ywraq_add_item_browse_message  hide hide-when-removed\"\n\t\tstyle=\"display:none\"\n\t\tdata-product_id=\"2069\"><a\n\t\t\thref=\"https:\/\/mfcomercio.ind.br\/?page_id=3027\">Navegar na lista<\/a><\/div>\n\n<\/div>\n\n<div class=\"clear\"><\/div>\n<\/li>\n<li class=\"product type-product post-3304 status-publish last instock product_cat-acessorio-de-porta-corta-fogo has-post-thumbnail shipping-taxable product-type-simple\">\n\t<a href=\"https:\/\/mfcomercio.ind.br\/?product=trinco-de-sobrepor\" class=\"woocommerce-LoopProduct-link woocommerce-loop-product__link\"><img decoding=\"async\" width=\"300\" height=\"284\" data-src=\"https:\/\/mfcomercio.ind.br\/wp-content\/uploads\/2023\/06\/acessorios-porta-corta-fogo-categoria.jpg\" class=\"attachment-woocommerce_thumbnail size-woocommerce_thumbnail lazyload\" alt=\"Trinco de Sobrepor\" title=\"\" src=\"data:image\/svg+xml;base64,PHN2ZyB3aWR0aD0iMSIgaGVpZ2h0PSIxIiB4bWxucz0iaHR0cDovL3d3dy53My5vcmcvMjAwMC9zdmciPjwvc3ZnPg==\" style=\"--smush-placeholder-width: 300px; --smush-placeholder-aspect-ratio: 300\/284;\"><h2 class=\"woocommerce-loop-product__title\">Trinco de Sobrepor<\/h2>\n<\/a>\n<div\n\tclass=\"yith-ywraq-add-to-quote add-to-quote-3304\" >\n\t\t<div class=\"yith-ywraq-add-button show\" style=\"display:block\"  data-product_id=\"3304\">\n\t\t\n<a href=\"#\" class=\"add-request-quote-button button\" data-product_id=\"3304\" data-wp_nonce=\"2838ee7644\" >\n\t\t\t\tSolicitar Or\u00e7amento\t<\/a>\n\t<\/div>\n\t<div\n\t\tclass=\"yith_ywraq_add_item_product-response-3304 yith_ywraq_add_item_product_message hide hide-when-removed\"\n\t\tstyle=\"display:none\" data-product_id=\"3304\"><\/div>\n\t<div\n\t\tclass=\"yith_ywraq_add_item_response-3304 yith_ywraq_add_item_response_message hide hide-when-removed\"\n\t\tdata-product_id=\"3304\"\n\t\tstyle=\"display:none\">Este produto j\u00e1 est\u00e1 em sua lista de pedidos de or\u00e7amento.<\/div>\n\t<div\n\t\tclass=\"yith_ywraq_add_item_browse-list-3304 yith_ywraq_add_item_browse_message  hide hide-when-removed\"\n\t\tstyle=\"display:none\"\n\t\tdata-product_id=\"3304\"><a\n\t\t\thref=\"https:\/\/mfcomercio.ind.br\/?page_id=3027\">Navegar na lista<\/a><\/div>\n\n<\/div>\n\n<div class=\"clear\"><\/div>\n<\/li>\n<li class=\"product type-product post-3294 status-publish first instock product_cat-barra-antipanico has-post-thumbnail shipping-taxable product-type-simple\">\n\t<a href=\"https:\/\/mfcomercio.ind.br\/?product=barra-anti-panico-dupla\" class=\"woocommerce-LoopProduct-link woocommerce-loop-product__link\"><img decoding=\"async\" width=\"300\" height=\"270\" data-src=\"https:\/\/mfcomercio.ind.br\/wp-content\/uploads\/2023\/06\/barra-antipanico-preta-300x270.png\" class=\"attachment-woocommerce_thumbnail size-woocommerce_thumbnail lazyload\" alt=\"Barra Antip\u00e2nico Dupla\" title=\"\" src=\"data:image\/svg+xml;base64,PHN2ZyB3aWR0aD0iMSIgaGVpZ2h0PSIxIiB4bWxucz0iaHR0cDovL3d3dy53My5vcmcvMjAwMC9zdmciPjwvc3ZnPg==\" style=\"--smush-placeholder-width: 300px; --smush-placeholder-aspect-ratio: 300\/270;\"><h2 class=\"woocommerce-loop-product__title\">Barra Antip\u00e2nico Dupla<\/h2>\n<\/a>\n<div\n\tclass=\"yith-ywraq-add-to-quote add-to-quote-3294\" >\n\t\t<div class=\"yith-ywraq-add-button show\" style=\"display:block\"  data-product_id=\"3294\">\n\t\t\n<a href=\"#\" class=\"add-request-quote-button button\" data-product_id=\"3294\" data-wp_nonce=\"fc89d30fac\" >\n\t\t\t\tSolicitar Or\u00e7amento\t<\/a>\n\t<\/div>\n\t<div\n\t\tclass=\"yith_ywraq_add_item_product-response-3294 yith_ywraq_add_item_product_message hide hide-when-removed\"\n\t\tstyle=\"display:none\" data-product_id=\"3294\"><\/div>\n\t<div\n\t\tclass=\"yith_ywraq_add_item_response-3294 yith_ywraq_add_item_response_message hide hide-when-removed\"\n\t\tdata-product_id=\"3294\"\n\t\tstyle=\"display:none\">Este produto j\u00e1 est\u00e1 em sua lista de pedidos de or\u00e7amento.<\/div>\n\t<div\n\t\tclass=\"yith_ywraq_add_item_browse-list-3294 yith_ywraq_add_item_browse_message  hide hide-when-removed\"\n\t\tstyle=\"display:none\"\n\t\tdata-product_id=\"3294\"><a\n\t\t\thref=\"https:\/\/mfcomercio.ind.br\/?page_id=3027\">Navegar na lista<\/a><\/div>\n\n<\/div>\n\n<div class=\"clear\"><\/div>\n<\/li>\n<li class=\"product type-product post-3293 status-publish instock product_cat-barra-antipanico has-post-thumbnail shipping-taxable product-type-simple\">\n\t<a href=\"https:\/\/mfcomercio.ind.br\/?product=instalacao-de-barra-antipanico-uma-porta\" class=\"woocommerce-LoopProduct-link woocommerce-loop-product__link\"><img decoding=\"async\" width=\"300\" height=\"300\" data-src=\"https:\/\/mfcomercio.ind.br\/wp-content\/uploads\/2019\/02\/barra-anti-panico-preta-300x300.jpg\" class=\"attachment-woocommerce_thumbnail size-woocommerce_thumbnail lazyload\" alt=\"Barra Antip\u00e2nico uma porta\" data-srcset=\"https:\/\/mfcomercio.ind.br\/wp-content\/uploads\/2019\/02\/barra-anti-panico-preta-300x300.jpg 300w, https:\/\/mfcomercio.ind.br\/wp-content\/uploads\/2019\/02\/barra-anti-panico-preta-100x100.jpg 100w\" data-sizes=\"(max-width: 300px) 100vw, 300px\" title=\"\" src=\"data:image\/svg+xml;base64,PHN2ZyB3aWR0aD0iMSIgaGVpZ2h0PSIxIiB4bWxucz0iaHR0cDovL3d3dy53My5vcmcvMjAwMC9zdmciPjwvc3ZnPg==\" style=\"--smush-placeholder-width: 300px; --smush-placeholder-aspect-ratio: 300\/300;\"><h2 class=\"woocommerce-loop-product__title\">Barra Antip\u00e2nico uma porta<\/h2>\n<\/a>\n<div\n\tclass=\"yith-ywraq-add-to-quote add-to-quote-3293\" >\n\t\t<div class=\"yith-ywraq-add-button show\" style=\"display:block\"  data-product_id=\"3293\">\n\t\t\n<a href=\"#\" class=\"add-request-quote-button button\" data-product_id=\"3293\" data-wp_nonce=\"9028363d12\" >\n\t\t\t\tSolicitar Or\u00e7amento\t<\/a>\n\t<\/div>\n\t<div\n\t\tclass=\"yith_ywraq_add_item_product-response-3293 yith_ywraq_add_item_product_message hide hide-when-removed\"\n\t\tstyle=\"display:none\" data-product_id=\"3293\"><\/div>\n\t<div\n\t\tclass=\"yith_ywraq_add_item_response-3293 yith_ywraq_add_item_response_message hide hide-when-removed\"\n\t\tdata-product_id=\"3293\"\n\t\tstyle=\"display:none\">Este produto j\u00e1 est\u00e1 em sua lista de pedidos de or\u00e7amento.<\/div>\n\t<div\n\t\tclass=\"yith_ywraq_add_item_browse-list-3293 yith_ywraq_add_item_browse_message  hide hide-when-removed\"\n\t\tstyle=\"display:none\"\n\t\tdata-product_id=\"3293\"><a\n\t\t\thref=\"https:\/\/mfcomercio.ind.br\/?page_id=3027\">Navegar na lista<\/a><\/div>\n\n<\/div>\n\n<div class=\"clear\"><\/div>\n<\/li>\n<li class=\"product type-product post-2071 status-publish instock product_cat-barra-antipanico has-post-thumbnail shipping-taxable product-type-simple\">\n\t<a href=\"https:\/\/mfcomercio.ind.br\/?product=barra-anti-panico-uma-porta\" class=\"woocommerce-LoopProduct-link woocommerce-loop-product__link\"><img decoding=\"async\" width=\"300\" height=\"300\" data-src=\"https:\/\/mfcomercio.ind.br\/wp-content\/uploads\/2019\/02\/barra-anti-panico-preta-300x300.jpg\" class=\"attachment-woocommerce_thumbnail size-woocommerce_thumbnail lazyload\" alt=\"Barra Antip\u00e2nico uma porta\" data-srcset=\"https:\/\/mfcomercio.ind.br\/wp-content\/uploads\/2019\/02\/barra-anti-panico-preta-300x300.jpg 300w, https:\/\/mfcomercio.ind.br\/wp-content\/uploads\/2019\/02\/barra-anti-panico-preta-100x100.jpg 100w\" data-sizes=\"(max-width: 300px) 100vw, 300px\" title=\"\" src=\"data:image\/svg+xml;base64,PHN2ZyB3aWR0aD0iMSIgaGVpZ2h0PSIxIiB4bWxucz0iaHR0cDovL3d3dy53My5vcmcvMjAwMC9zdmciPjwvc3ZnPg==\" style=\"--smush-placeholder-width: 300px; --smush-placeholder-aspect-ratio: 300\/300;\"><h2 class=\"woocommerce-loop-product__title\">Barra Antip\u00e2nico uma porta<\/h2>\n<\/a>\n<div\n\tclass=\"yith-ywraq-add-to-quote add-to-quote-2071\" >\n\t\t<div class=\"yith-ywraq-add-button show\" style=\"display:block\"  data-product_id=\"2071\">\n\t\t\n<a href=\"#\" class=\"add-request-quote-button button\" data-product_id=\"2071\" data-wp_nonce=\"7426d30c9b\" >\n\t\t\t\tSolicitar Or\u00e7amento\t<\/a>\n\t<\/div>\n\t<div\n\t\tclass=\"yith_ywraq_add_item_product-response-2071 yith_ywraq_add_item_product_message hide hide-when-removed\"\n\t\tstyle=\"display:none\" data-product_id=\"2071\"><\/div>\n\t<div\n\t\tclass=\"yith_ywraq_add_item_response-2071 yith_ywraq_add_item_response_message hide hide-when-removed\"\n\t\tdata-product_id=\"2071\"\n\t\tstyle=\"display:none\">Este produto j\u00e1 est\u00e1 em sua lista de pedidos de or\u00e7amento.<\/div>\n\t<div\n\t\tclass=\"yith_ywraq_add_item_browse-list-2071 yith_ywraq_add_item_browse_message  hide hide-when-removed\"\n\t\tstyle=\"display:none\"\n\t\tdata-product_id=\"2071\"><a\n\t\t\thref=\"https:\/\/mfcomercio.ind.br\/?page_id=3027\">Navegar na lista<\/a><\/div>\n\n<\/div>\n\n<div class=\"clear\"><\/div>\n<\/li>\n<\/ul>\n<\/div>\t\t\t\t<\/div>\n\t\t\t\t<\/div>\n\t\t\t\t\t<\/div>\n\t\t<\/div>\n\t\t\t\t\t<\/div>\n\t\t<\/section>\n\t\t\t\t<\/div>\n\t\t","protected":false},"excerpt":{"rendered":"<p>Servi\u00e7o de Instala\u00e7\u00e3o e Manuten\u00e7\u00e3o de Porta corta-fogo e barra antip\u00e2nico<\/p>\n","protected":false},"author":1,"featured_media":0,"parent":0,"menu_order":0,"comment_status":"closed","ping_status":"closed","template":"template\/template-woo.php","meta":{"footnotes":""},"class_list":["post-2685","page","type-page","status-publish","hentry"],"_links":{"self":[{"href":"https:\/\/mfcomercio.ind.br\/index.php?rest_route=\/wp\/v2\/pages\/2685","targetHints":{"allow":["GET"]}}],"collection":[{"href":"https:\/\/mfcomercio.ind.br\/index.php?rest_route=\/wp\/v2\/pages"}],"about":[{"href":"https:\/\/mfcomercio.ind.br\/index.php?rest_route=\/wp\/v2\/types\/page"}],"author":[{"embeddable":true,"href":"https:\/\/mfcomercio.ind.br\/index.php?rest_route=\/wp\/v2\/users\/1"}],"replies":[{"embeddable":true,"href":"https:\/\/mfcomercio.ind.br\/index.php?rest_route=%2Fwp%2Fv2%2Fcomments&post=2685"}],"version-history":[{"count":37,"href":"https:\/\/mfcomercio.ind.br\/index.php?rest_route=\/wp\/v2\/pages\/2685\/revisions"}],"predecessor-version":[{"id":3855,"href":"https:\/\/mfcomercio.ind.br\/index.php?rest_route=\/wp\/v2\/pages\/2685\/revisions\/3855"}],"wp:attachment":[{"href":"https:\/\/mfcomercio.ind.br\/index.php?rest_route=%2Fwp%2Fv2%2Fmedia&parent=2685"}],"curies":[{"name":"wp","href":"https:\/\/api.w.org\/{rel}","templated":true}]}}